6 is divided by 13.
11
Suppose b + 12 = 45. Calculate the remainder when 96 is divided by b.
30
Let n = -13 + 46. Calculate the remainder when n is divided by 9.
6
Suppose -4*n + 205 = n. Let u = n + -25. Let t = -3 - -9. What is the remainder when u is divided by t?
4
Suppose f - 11 = -1. Calculate the remainder when -14*(1 + (1 - 4)) is divided by f.
8
Let i(v) = v**2 - 11*v. Let a be i(11). Suppose a = -4*b + 125 + 15. Calculate the remainder when b is divided by 12.
11
Let c = -15 + 33. Let g = -11 - -14. Suppose -4*f - 142 = -g*t - 25, 82 = 2*t - 4*f. Calculate the remainder when t is divided by c.
17
Suppose 2*q = -3*u + 16, -4*u = -2*u. Suppose 3*v = 2*v + 48. Let g = -33 + v. What is the remainder when g is divided by q?
7
What is the remainder when (380/(-30))/((-4)/18) is divided by 15?
12
Let p(r) = -r - 4. Let x be p(-6). Suppose -z + 3*z = x. Calculate the remainder when 7 is divided by (-23)/(-6) + z/6.
3
Suppose -2*c - 5*t = -0*c - 71, 0 = 4*t - 20. Calculate the remainder when 67 is divided by c.
21
Let s = 53 - 36. Suppose 0*b = b - 6. Calculate the remainder when s is divided by b.
5
Let d(a) = -3*a + 49. What is the remainder when d(-18) is divided by 26?
25
Suppose 0 = -0*m - 3*m + 27. Let h be ((-201 + -1)/(-2))/1. Suppose -2*s + 4*k + 121 = 3*s, 0 = 4*s + k - h. Calculate the remainder when s is divided by m.
7
Suppose q - 4 = 3. Let f = -21 - -22. Suppose -q = -z + f. What is the remainder when 14 is divided by z?
6
Suppose -40 = 4*l - 112. Calculate the remainder when 53 is divided by l.
17
Let b(m) = m**2 - 9*m + 12. Suppose 0 = n + 4*w - 16, 2*n - 26 = -5*w. Calculate the remainder when 7 is divided by b(n).
3
Suppose 5*i - 201 = 3*z, -2*i = 3*i - 2*z - 199. Suppose -80 = -5*t + 5*v, -2*t + 5*v + 44 - 6 = 0. What is the remainder when i is divided by t?
11
Calculate the remainder when 137/3 + (-22)/33 is divided by 16.
13
Suppose 4*r = -s + 19, 2*r + 0*s + s = 11. Let p = -4 + r. Suppose -4*t + 8 = -p. What is the remainder when t is divided by 2?
0
Suppose 8 = -4*a - 0. Calculate the remainder when 2 - (-1 + a - 11) is divided by 6.
4
Let n = -3 + 3. Suppose n*i - 2*i = -64. What is the remainder when 95 is divided by i?
31
Suppose 2*y + n = 3 + 2, 40 = 4*y - 4*n. Let a = y + -1. Let o = -1 + a. What is the remainder when 10 is divided by o?
1
Let b = -246 - -167. Let h = -42 - b. What is the remainder when h is divided by 13?
11
Let i(v) = -14*v - 2. Calculate the remainder when 45 + 0/(-1 - 2) is divided by i(-1).
9
Let a(i) = -5 + 10*i**2 - 4*i**2 - 5*i**2 - 9*i. What is the remainder when 49 is divided by a(11)?
15
Let q(k) = k**3 + 7*k**2 + 4*k - 2. Calculate the remainder when -5*1/((-10)/36) is divided by q(-6).
8
Let c(v) = v + 14. Calculate the remainder when 17 is divided by c(-10).
1
Suppose -5*g - 1 = 3*y - 2, -5*y - 9 = 3*g. Let j = 14 - 3. What is the remainder when g*(10 + 0/1) is divided by j?
9
Suppose 4*u + 2*n = -2*n + 60, 4*n = 20. Calculate the remainder when 37 is divided by u.
7
Suppose 3*o + o = 2*t - 50, 4*o - 125 = -3*t. Let p(u) = u**2 - 5*u + 12. Calculate the remainder when t is divided by p(5).
11
What is the remainder when (-3)/(-18) + (-382)/(-12) is divided by 11?
10
Suppose -v + 16 = -4*v - 4*d, 2*d + 8 = 3*v. Calculate the remainder when 73 + 9/(3 + v) is divided by 26.
24
Let c = 14 - -5. Let q(d) = 2*d - 4. What is the remainder when c is divided by q(7)?
9
Suppose 2*k - 18 = 3*k. Calculate the remainder when (-24)/(-108) - 1220/k is divided by 23.
22
Let w(d) be the third derivative of d**5/30 - d**3/6 + 4*d**2. Calculate the remainder when 31 is divided by w(3).
14
Let t = 15 + -11. Suppose -4*u - 1 = 3*s, -10 = -4*u + 3*s + 7. Suppose 4 = 4*l, -t*h - 17 + 71 = u*l. Calculate the remainder when 38 is divided by h.
12
Let s(x) = -x**3 - x**2 - x - 1. What is the remainder when 37 is divided by s(-3)?
17
Let w = 65 - 40. Let r = -56 + 104. Calculate the remainder when r is divided by w.
23
Suppose 5*s = 5*x + 40, 5*x - 30 = 3*s - 8*s. What is the remainder when 32 is divided by s?
4
Let q = 51 - 44. What is the remainder when 24 is divided by q?
3
Suppose -312 = -8*n + 2*n. What is the remainder when n is divided by 15?
7
Let g be 1/6 + 1/(-6). What is the remainder when 25 is divided by 14/6*(3 + g)?
4
Suppose -4*a - 20 = -2*b - 8*a, -10 = -b + a. Calculate the remainder when 31 is divided by b/(-35) - 121/(-7).
14
Suppose -5*w + z + 105 = 0, -2*w + z + 42 = 6*z. Suppose 4*n - 52 = 2*n. Suppose 4*s - 18 = n. What is the remainder when w is divided by s?
10
Suppose a + 4*a - x - 442 = 0, a + 2*x = 84. What is the remainder when a is divided by 30?
28
Suppose -u + 3*u + 832 = 4*q, -2*q + 410 = 2*u. Calculate the remainder when q is divided by 30.
27
Suppose 39 = 3*f + 5*t, 5*f = 2*t + 21 + 13. What is the remainder when 55 is divided by f?
7
Let u = 13 - -5. Calculate the remainder when (-4)/6 + 474/9 is divided by u.
16
Let l(z) = z**2 - 14*z + 6. Let u be l(13). Calculate the remainder when (37/(-3))/((-2)/6) is divided by 6/2 - (u - 3).
11
Let u = -111 - -122. Calculate the remainder when 54 is divided by u.
10
Let v(h) = 27*h**3 - h**2 + 2*h - 1. What is the remainder when (-157)/(-3) - (-2)/(-6) is divided by v(1)?
25
Suppose 2*i - 3*i = -23. Suppose -2*g + 88 = -0*g. What is the remainder when g is divided by i?
21
Suppose 0 = 4*f + f - 75. Let r = f - 4. Calculate the remainder when 42 is divided by r.
9
Suppose 3*d = -d - 32. Calculate the remainder when (-4)/(-1) + 24/d is divided by 1.
0
Suppose -2*z - 20 = -5*b - 63, -b = 1. Calculate the remainder when 32 is divided by z.
13
Suppose -5*v - 5 + 70 = 0. Let j = 34 - v. Calculate the remainder when j is divided by 8.
5
Let o(g) = -g**3 - 9*g**2 - 9*g + 9. Calculate the remainder when o(-8) is divided by 9.
8
Let t(j) = -j - 3. Let k be t(-8). Suppose -k*d + 39 + 41 = 0. Let r = d + 0. Calculate the remainder when r is divided by 6.
4
Suppose 0*r - 174 = 3*r. Let k(o) = o - 2. Let l be k(-4). What is the remainder when l/24 - r/8 is divided by 3?
1
Let q(r) = 2*r**2 - 2*r - 16. What is the remainder when 262 is divided by q(-5)?
42
Let l(w) = w + 12. What is the remainder when l(5) is divided by 9?
8
Let d = 11 - 7. Calculate the remainder when 28 is divided by (3/d)/(7/140).
13
Let p(q) = 18*q**3 - q. Suppose -7 - 3 = -4*l - y, 0 = 4*l - 3*y - 18. Suppose 3*t = 24 + l. Calculate the remainder when p(1) is divided by t.
8
Suppose 0 = -15*o + 18*o - 48. Suppose 2*y + 186 = 5*y. What is the remainder when y is divided by o?
14
Let g(x) = 2*x**2 - 35*x - 2. What is the remainder when 63 is divided by g(18)?
15
Suppose -2*v + 22 = -32. Suppose 3*z - 2*z - 52 = 0. Calculate the remainder when z is divided by v.
25
Calculate the remainder when 12 is divided by 1/2*(-80)/(-8).
2
Let u(i) = i**2 + i - 4. Let q be 0/1 + 14 + -1. Suppose -5*h + 14 = 2*z, -z + q = h + 3*h. Calculate the remainder when 2 is divided by u(z).
0
Let b be (-17)/((-1 + -1)/4). Calculate the remainder when b*(1 - (-3)/2) is divided by 22.
19
Calculate the remainder when 441/7 + (-1)/(-2)*-2 is divided by 9.
8
Let y(j) = 2*j - 21*j**3 + 22*j**3 + 0*j**2 + 3 - 5*j**2. Let r = 7 + -1. Calculate the remainder when y(r) is divided by 18.
15
Suppose -w = 5*z + w - 5, 5*z = w + 5. Calculate the remainder when (-15)/12*(-44)/z is divided by 19.
17
Let l = 10 - 15. Let s(o) = 1 + 0*o**2 + 3*o + 7*o**2 - 2*o + o**3. What is the remainder when s(l) is divided by 16?
14
Let p(v) = -2*v + 17. Suppose -4*u - 33 = -u. Calculate the remainder when p(-9) is divided by (1 + -2)*(-1 + u).
11
Let h(m) = m**2 - m - 6. Let u be h(-8). Suppose 19 = 5*i - u. Let o(q) = -2*q - 1. What is the remainder when i is divided by o(-3)?
2
Let d(h) = -h**2 + 12*h - 8. What is the remainder when 6 is divided by d(11)?
0
Suppose -i = -37 + 4. What is the remainder when i is divided by 18?
15
Suppose -6*x + 136 = -2*x. Suppose 0 = -b + x - 6. What is the remainder when b is divided by 8?
4
Suppose -3*o - 4*n - 9 = 0, 24 = -5*o + 2*n - 17. Let j = 2 - o. Calculate the remainder when 26 is divided by j.
8
Suppose 11*n - 64 = 1102. What is the remainder when n is divided by 27?
25
What is the remainder when 77 - (1 - (-4)/1) is divided by 20?
12
Let h = 69 + -58. What is the remainder when h 